{"id":2449,"date":"2015-04-18T19:50:08","date_gmt":"2015-04-18T17:50:08","guid":{"rendered":"http:\/\/italiejumelage.saintmedardasso.fr\/?page_id=2449"},"modified":"2026-03-30T15:09:48","modified_gmt":"2026-03-30T13:09:48","slug":"cafe-litteraire-ou-philo","status":"publish","type":"page","link":"https:\/\/italiejumelage.saintmedardasso.fr\/?page_id=2449","title":{"rendered":"Jeudis italiens"},"content":{"rendered":"\n<div style=\"height:52px\" aria-hidden=\"true\" class=\"wp-block-spacer\"><\/div>\n\n\n\n<p><span style=\"color: #000000;\">Les jeudis italiens se tiennent (hors vacances scolaires) \u00e0 la \u00ab\u00a0Maison des Associations et de la Citoyennet\u00e9\u00a0\u00bb B\u00e2timent Pierre Mend\u00e8s-France (PMF) &#8211; 9 route de Saint-Aubin &#8211; 33167 Saint M\u00e9dard en Jalles. <\/span>Ils sont ouverts \u00e0 tous nos adh\u00e9rents et r\u00e9partis en deux sections :<\/p>\n\n\n\n<div style=\"height:21px\" aria-hidden=\"true\" class=\"wp-block-spacer\"><\/div>\n\n\n\n<p><strong>LES CAFES &amp; THES LITTERAIRES<\/strong>&nbsp;: Ces s\u00e9ances ont lieu un jeudi par mois de 14h30 \u00e0 16h30 dans la salle 2 au 1er \u00e9tage du b\u00e2timent PMF derri\u00e8re la mairie. Les \u00e9changes se font en fran\u00e7ais sur des livres de litt\u00e9rature italienne. Que vous ayez lu le livre et souhaitez partager vos impressions ou que vous ne l&rsquo;ayez pas lu et souhaitez le d\u00e9couvrir pour, peut-\u00eatre, avoir envie de le lire ensuite, vous \u00eates les bienvenus et bienvenues. Nous poursuivons nos \u00e9changes, informels et d\u00e9tendus, autour de caf\u00e9, th\u00e9 et autre boisson chaude. <\/p>\n\n\n\n<p>Une seconde liste sans date concerne des livres hors programme mais qui pr\u00e9sentent un fort int\u00e9r\u00eat pour les amatrices et amateurs.<\/p>\n\n\n\n<div style=\"height:29px\" aria-hidden=\"true\" class=\"wp-block-spacer\"><\/div>\n\n\n<div class=\"wp-block-image\">\n<figure class=\"aligncenter size-full\"><img loading=\"lazy\" decoding=\"async\" width=\"146\" height=\"115\" src=\"https:\/\/italiejumelage.saintmedardasso.fr\/wp-content\/uploads\/2022\/09\/pile-de-livres.jpg\" alt=\"\" class=\"wp-image-3553\"\/><\/figure>\n<\/div>\n\n\n<div style=\"height:3px\" aria-hidden=\"true\" class=\"wp-block-spacer\"><\/div>\n\n\n\n<div style=\"height:0px\" aria-hidden=\"true\" class=\"wp-block-spacer\"><\/div>\n\n\n\n<div style=\"height:3px\" aria-hidden=\"true\" class=\"wp-block-spacer\"><\/div>\n\n\n\n<div class=\"wp-block-buttons is-layout-flex wp-block-buttons-is-layout-flex\">\n<div class=\"wp-block-button is-style-outline is-style-outline--1\"><a class=\"wp-block-button__link has-electric-grass-gradient-background has-background has-small-font-size has-custom-font-size wp-element-button\" href=\"https:\/\/italiejumelage.saintmedardasso.fr\/wp-content\/uploads\/2025\/07\/Cafes-et-thes-litteraires-italiens-2025-2026.pdf\" style=\"border-radius:100px\"><em><strong>Liste livres 2025-2026<\/strong><\/em><\/a><\/div>\n<\/div>\n\n\n\n<p class=\"has-vivid-red-color has-text-color has-link-color wp-elements-06f2e74325b7742f4784a8f5e2ba5cd3\"><em><strong>Le premier caf\u00e9 litt\u00e9raire se tiendra le jeudi 16 octobre au lieu du jeudi 9 octobre<\/strong><\/em><\/p>\n\n\n\n<p><\/p>\n\n\n\n<p><\/p>\n\n\n\n<p><\/p>\n\n\n\n<div style=\"height:15px\" aria-hidden=\"true\" class=\"wp-block-spacer\"><\/div>\n\n\n\n<p><\/p>\n\n\n\n<div style=\"height:33px\" aria-hidden=\"true\" class=\"wp-block-spacer\"><\/div>\n\n\n\n<p><strong>LES CONVERSATIONS ITALIENNES<\/strong>&nbsp;: de 17 h \u00e0 18 h 30 (Atelier 3 au 1er \u00e9tage) o\u00f9 chacun peut s&rsquo;exprimer sur des sujets librement choisis ou bavarder \u00e0 b\u00e2ton rompu.<\/p>\n\n\n\n<div style=\"height:5px\" aria-hidden=\"true\" class=\"wp-block-spacer\"><\/div>\n\n\n<div class=\"wp-block-image\">\n<figure class=\"aligncenter size-full is-resized\"><img loading=\"lazy\" decoding=\"async\" width=\"239\" height=\"211\" src=\"https:\/\/italiejumelage.saintmedardasso.fr\/wp-content\/uploads\/2023\/03\/Conversations-italiennes.jpg\" alt=\"\" class=\"wp-image-3825\" style=\"width:153px;height:auto\" srcset=\"https:\/\/italiejumelage.saintmedardasso.fr\/wp-content\/uploads\/2023\/03\/Conversations-italiennes.jpg 239w, https:\/\/italiejumelage.saintmedardasso.fr\/wp-content\/uploads\/2023\/03\/Conversations-italiennes-150x132.jpg 150w\" sizes=\"auto, (max-width: 239px) 100vw, 239px\" \/><\/figure>\n<\/div>\n\n\n<div style=\"height:8px\" aria-hidden=\"true\" class=\"wp-block-spacer\"><\/div>\n\n\n\n<div style=\"height:7px\" aria-hidden=\"true\" class=\"wp-block-spacer\"><\/div>\n\n\n\n<div class=\"wp-block-buttons is-layout-flex wp-block-buttons-is-layout-flex\">\n<div class=\"wp-block-button is-style-outline is-style-outline--2\"><a class=\"wp-block-button__link has-blush-light-purple-gradient-background has-background has-small-font-size has-custom-font-size wp-element-button\" href=\"https:\/\/italiejumelage.saintmedardasso.fr\/wp-content\/uploads\/2025\/06\/Ateliers-conversations-2025-2026.pdf\" style=\"border-radius:79px\"><em><strong>Dates conversations italiennes 2025-2026<\/strong><\/em><\/a><\/div>\n<\/div>\n\n\n\n<div style=\"height:3px\" aria-hidden=\"true\" class=\"wp-block-spacer\"><\/div>\n\n\n\n<div style=\"height:8px\" aria-hidden=\"true\" class=\"wp-block-spacer\"><\/div>\n\n\n\n<div style=\"height:0px\" aria-hidden=\"true\" class=\"wp-block-spacer\"><\/div>\n\n\n\n<div style=\"height:4px\" aria-hidden=\"true\" class=\"wp-block-spacer\"><\/div>\n\n\n\n<p><strong><span style=\"color: #ff0000;\">Les dates sont donn\u00e9es \u00e0 titre indicatif et sont susceptibles de changement.<\/span><\/strong><\/p>\n\n\n\n<p><\/p>\n\n\n\n<p><\/p>\n\n\n\n<p><\/p>\n\n\n\n<p><\/p>\n","protected":false},"excerpt":{"rendered":"<p>Les jeudis italiens se tiennent (hors vacances scolaires) \u00e0 la \u00ab\u00a0Maison des&hellip;<\/p>\n","protected":false},"author":17,"featured_media":3247,"parent":0,"menu_order":0,"comment_status":"open","ping_status":"open","template":"","meta":{"footnotes":""},"class_list":["post-2449","page","type-page","status-publish","has-post-thumbnail","hentry"],"_links":{"self":[{"href":"https:\/\/italiejumelage.saintmedardasso.fr\/index.php?rest_route=\/wp\/v2\/pages\/2449","targetHints":{"allow":["GET"]}}],"collection":[{"href":"https:\/\/italiejumelage.saintmedardasso.fr\/index.php?rest_route=\/wp\/v2\/pages"}],"about":[{"href":"https:\/\/italiejumelage.saintmedardasso.fr\/index.php?rest_route=\/wp\/v2\/types\/page"}],"author":[{"embeddable":true,"href":"https:\/\/italiejumelage.saintmedardasso.fr\/index.php?rest_route=\/wp\/v2\/users\/17"}],"replies":[{"embeddable":true,"href":"https:\/\/italiejumelage.saintmedardasso.fr\/index.php?rest_route=%2Fwp%2Fv2%2Fcomments&post=2449"}],"version-history":[{"count":73,"href":"https:\/\/italiejumelage.saintmedardasso.fr\/index.php?rest_route=\/wp\/v2\/pages\/2449\/revisions"}],"predecessor-version":[{"id":4763,"href":"https:\/\/italiejumelage.saintmedardasso.fr\/index.php?rest_route=\/wp\/v2\/pages\/2449\/revisions\/4763"}],"wp:featuredmedia":[{"embeddable":true,"href":"https:\/\/italiejumelage.saintmedardasso.fr\/index.php?rest_route=\/wp\/v2\/media\/3247"}],"wp:attachment":[{"href":"https:\/\/italiejumelage.saintmedardasso.fr\/index.php?rest_route=%2Fwp%2Fv2%2Fmedia&parent=2449"}],"curies":[{"name":"wp","href":"https:\/\/api.w.org\/{rel}","templated":true}]}}

<div style="height:52px" aria-hidden="true" class="wp-block-spacer"></div>



<p><span style="color: #000000;">Les jeudis italiens se tiennent (hors vacances scolaires) à la « Maison des Associations et de la Citoyenneté » Bâtiment Pierre Mendès-France (PMF) &#8211; 9 route de Saint-Aubin &#8211; 33167 Saint Médard en Jalles. </span>Ils sont ouverts à tous nos adhérents et répartis en deux sections :</p>



<div style="height:21px" aria-hidden="true" class="wp-block-spacer"></div>



<p><strong>LES CAFES &amp; THES LITTERAIRES</strong>&nbsp;: Ces séances ont lieu un jeudi par mois de 14h30 à 16h30 dans la salle 2 au 1er étage du bâtiment PMF derrière la mairie. Les échanges se font en français sur des livres de littérature italienne. Que vous ayez lu le livre et souhaitez partager vos impressions ou que vous ne l&rsquo;ayez pas lu et souhaitez le découvrir pour, peut-être, avoir envie de le lire ensuite, vous êtes les bienvenus et bienvenues. Nous poursuivons nos échanges, informels et détendus, autour de café, thé et autre boisson chaude. </p>



<p>Une seconde liste sans date concerne des livres hors programme mais qui présentent un fort intérêt pour les amatrices et amateurs.</p>



<div style="height:29px" aria-hidden="true" class="wp-block-spacer"></div>


<div class="wp-block-image">
<figure class="aligncenter size-full"><img loading="lazy" decoding="async" width="146" height="115" src="https://italiejumelage.saintmedardasso.fr/wp-content/uploads/2022/09/pile-de-livres.jpg" alt="" class="wp-image-3553"/></figure>
</div>


<div style="height:3px" aria-hidden="true" class="wp-block-spacer"></div>



<div style="height:0px" aria-hidden="true" class="wp-block-spacer"></div>



<div style="height:3px" aria-hidden="true" class="wp-block-spacer"></div>



<div class="wp-block-buttons is-layout-flex wp-block-buttons-is-layout-flex">
<div class="wp-block-button is-style-outline is-style-outline--1"><a class="wp-block-button__link has-electric-grass-gradient-background has-background has-small-font-size has-custom-font-size wp-element-button" href="https://italiejumelage.saintmedardasso.fr/wp-content/uploads/2025/07/Cafes-et-thes-litteraires-italiens-2025-2026.pdf" style="border-radius:100px"><em><strong>Liste livres 2025-2026</strong></em></a></div>
</div>



<p class="has-vivid-red-color has-text-color has-link-color wp-elements-06f2e74325b7742f4784a8f5e2ba5cd3"><em><strong>Le premier café littéraire se tiendra le jeudi 16 octobre au lieu du jeudi 9 octobre</strong></em></p>



<p></p>



<p></p>



<p></p>



<div style="height:15px" aria-hidden="true" class="wp-block-spacer"></div>



<p></p>



<div style="height:33px" aria-hidden="true" class="wp-block-spacer"></div>



<p><strong>LES CONVERSATIONS ITALIENNES</strong>&nbsp;: de 17 h à 18 h 30 (Atelier 3 au 1er étage) où chacun peut s&rsquo;exprimer sur des sujets librement choisis ou bavarder à bâton rompu.</p>



<div style="height:5px" aria-hidden="true" class="wp-block-spacer"></div>


<div class="wp-block-image">
<figure class="aligncenter size-full is-resized"><img loading="lazy" decoding="async" width="239" height="211" src="https://italiejumelage.saintmedardasso.fr/wp-content/uploads/2023/03/Conversations-italiennes.jpg" alt="" class="wp-image-3825" style="width:153px;height:auto" srcset="https://italiejumelage.saintmedardasso.fr/wp-content/uploads/2023/03/Conversations-italiennes.jpg 239w, https://italiejumelage.saintmedardasso.fr/wp-content/uploads/2023/03/Conversations-italiennes-150x132.jpg 150w" sizes="auto, (max-width: 239px) 100vw, 239px" /></figure>
</div>


<div style="height:8px" aria-hidden="true" class="wp-block-spacer"></div>



<div style="height:7px" aria-hidden="true" class="wp-block-spacer"></div>



<div class="wp-block-buttons is-layout-flex wp-block-buttons-is-layout-flex">
<div class="wp-block-button is-style-outline is-style-outline--2"><a class="wp-block-button__link has-blush-light-purple-gradient-background has-background has-small-font-size has-custom-font-size wp-element-button" href="https://italiejumelage.saintmedardasso.fr/wp-content/uploads/2025/06/Ateliers-conversations-2025-2026.pdf" style="border-radius:79px"><em><strong>Dates conversations italiennes 2025-2026</strong></em></a></div>
</div>



<div style="height:3px" aria-hidden="true" class="wp-block-spacer"></div>



<div style="height:8px" aria-hidden="true" class="wp-block-spacer"></div>



<div style="height:0px" aria-hidden="true" class="wp-block-spacer"></div>



<div style="height:4px" aria-hidden="true" class="wp-block-spacer"></div>



<p><strong><span style="color: #ff0000;">Les dates sont données à titre indicatif et sont susceptibles de changement.</span></strong></p>



<p></p>



<p></p>



<p></p>



<p></p>

<p>Les jeudis italiens se tiennent (hors vacances scolaires) à la « Maison des&hellip;</p>
