{"id":28,"date":"2009-10-10T21:48:48","date_gmt":"2009-10-10T19:48:48","guid":{"rendered":"http:\/\/localhost\/wordpress\/?page_id=28"},"modified":"2024-05-16T16:03:12","modified_gmt":"2024-05-16T14:03:12","slug":"sabaudia","status":"publish","type":"page","link":"https:\/\/italiejumelage.saintmedardasso.fr\/?page_id=28","title":{"rendered":"Sabaudia"},"content":{"rendered":"\n<div class=\"wp-block-columns is-layout-flex wp-container-core-columns-is-layout-9d6595d7 wp-block-columns-is-layout-flex\">\n<div class=\"wp-block-column is-layout-flow wp-block-column-is-layout-flow\">\n<p><strong>Fond\u00e9e en 1934,<\/strong> au sud de Rome, la province s&rsquo;\u00e9tend, principalement, le long du littoral. Elle accueille les principales stations baln\u00e9aires de la r\u00e9gion (Gaeta, Sperlonga, San Felice Circeo, Terracina\u2026<br \/>Les fameux marais Pontins, o\u00f9 Mussolini entreprit ses travaux de bonification, s&rsquo;y trouvent.<br \/><\/p>\n<\/div>\n\n\n\n<div class=\"wp-block-column is-layout-flow wp-block-column-is-layout-flow\">\n<p>La petite ville de Sabaudia avec ses monuments rectilignes et ses grands espaces a\u00e9r\u00e9s de pins parasols, reste encore, de nos jours, un exemple int\u00e9ressant d&rsquo;architecture fasciste. Mais la renomm\u00e9e de cette c\u00f4te remonte \u00e0 des temps plus anciens : Ulysse s&rsquo;y arr\u00eata (et c&rsquo;est l\u00e0 que Circ\u00e9e transforma ses compagnons de voyage en petits cochons).<\/p>\n<\/div>\n<\/div>\n\n\n\n<div style=\"height:24px\" aria-hidden=\"true\" class=\"wp-block-spacer\"><\/div>\n\n\n\n<figure class=\"wp-block-image alignwide\"><img loading=\"lazy\" decoding=\"async\" width=\"2228\" height=\"1253\" src=\"https:\/\/italiejumelage.saintmedardasso.fr\/wp-content\/uploads\/2024\/05\/sabaudia-2010-012aw-edited-1.jpg\" alt=\"sabaudia--2010-012aw\" class=\"wp-image-4053\" srcset=\"https:\/\/italiejumelage.saintmedardasso.fr\/wp-content\/uploads\/2024\/05\/sabaudia-2010-012aw-edited-1.jpg 2228w, https:\/\/italiejumelage.saintmedardasso.fr\/wp-content\/uploads\/2024\/05\/sabaudia-2010-012aw-edited-1-300x169.jpg 300w, https:\/\/italiejumelage.saintmedardasso.fr\/wp-content\/uploads\/2024\/05\/sabaudia-2010-012aw-edited-1-1024x576.jpg 1024w, https:\/\/italiejumelage.saintmedardasso.fr\/wp-content\/uploads\/2024\/05\/sabaudia-2010-012aw-edited-1-1536x864.jpg 1536w, https:\/\/italiejumelage.saintmedardasso.fr\/wp-content\/uploads\/2024\/05\/sabaudia-2010-012aw-edited-1-2048x1152.jpg 2048w\" sizes=\"auto, (max-width: 2228px) 100vw, 2228px\" \/><\/figure>\n\n\n\n<div style=\"height:21px\" aria-hidden=\"true\" class=\"wp-block-spacer\"><\/div>\n\n\n\n<h2 class=\"wp-block-heading\">Un parc national<\/h2>\n\n\n\n<p>Aujourd&rsquo;hui le Parco Nazionale del Circeo couvre les territoires de Sabaudia, San Felice Circeo, des \u00eeles de Ponza et Zannone. <br \/>La pr\u00e9servation du patrimoine naturel est au centre des pr\u00e9occupations de la province et d&rsquo;autres zones prot\u00e9g\u00e9es y ont \u00e9t\u00e9 fond\u00e9es comme celle du Parc R\u00e9gional de la Riviera d&rsquo;Ulysse en 2003&#8230;<br \/>Le petit archipel des \u00eeles Pontine (Ponza, Ventot\u00e8ne, Palmarola, Zannone, Gavi, Santo Stefano&#8230;) attire, quant \u00e0 lui, les amateurs de plong\u00e9e sous-marine et les passionn\u00e9es de voile (il n&rsquo;\u00e9tait pas rare d&rsquo;y apercevoir, sur le pont de son splendide voilier, l&rsquo;\u00e9l\u00e9gante silhouette d&rsquo;Agnelli).<br \/><\/p>\n\n\n\n<div style=\"height:21px\" aria-hidden=\"true\" class=\"wp-block-spacer\"><\/div>\n\n\n\n<div class=\"wp-block-media-text is-stacked-on-mobile\"><figure class=\"wp-block-media-text__media\"><img loading=\"lazy\" decoding=\"async\" width=\"571\" height=\"364\" src=\"https:\/\/italiejumelage.saintmedardasso.fr\/wp-content\/uploads\/2010\/03\/sabaudia-map.jpg\" alt=\"\" class=\"wp-image-477 size-full\" srcset=\"https:\/\/italiejumelage.saintmedardasso.fr\/wp-content\/uploads\/2010\/03\/sabaudia-map.jpg 571w, https:\/\/italiejumelage.saintmedardasso.fr\/wp-content\/uploads\/2010\/03\/sabaudia-map-300x191.jpg 300w\" sizes=\"auto, (max-width: 571px) 100vw, 571px\" \/><\/figure><div class=\"wp-block-media-text__content\">\n<p><strong>La Ville de Sababudia est situ\u00e9e dans la province de Latina. <\/strong><\/p>\n<\/div><\/div>\n\n\n\n<div style=\"height:21px\" aria-hidden=\"true\" class=\"wp-block-spacer\"><\/div>\n\n\n\n<p>Est-ce \u00e0 l&rsquo;origine volcanique de ces \u00eeles, \u00e0 leurs hauts-fonds transparents ou \u00e0 leur lourd pass\u00e9 que l&rsquo;on doit l&rsquo;atmosph\u00e8re \u00e9trange qui s&rsquo;en d\u00e9gage ? Difficile de se prononcer. En effet, d\u00e8s l&rsquo;\u00e9poque romaine, ces \u00eeles servirent de terre d&rsquo;exil, Giulia, fille de l&#8217;empereur Auguste accus\u00e9e d&rsquo;adult\u00e8re, fut la premi\u00e8re. Ensuite, de nombreux opposants au r\u00e9gime fasciste y furent assign\u00e9s \u00e0 r\u00e9sidence. <strong>Le p\u00e9nitencier de l&rsquo;\u00eele de Santo <\/strong>Stefano o\u00f9 Antonio Gramsci fut emprisonn\u00e9, ne ferma ses portes, ou plut\u00f4t ne les ouvrit, qu&rsquo;en 1969. <\/p>\n\n\n\n<p>Quelle que soit la r\u00e9ponse, l&rsquo;archipel, d\u00e9sormais si s\u00e9duisant, est prot\u00e9g\u00e9 : une r\u00e9serve marine et terrestre a \u00e9t\u00e9 cr\u00e9\u00e9e dans les \u00eeles de Ventot\u00e8ne et de Santo Stefano.<\/p>\n\n\n\n<p><\/p>\n","protected":false},"excerpt":{"rendered":"<p>Fond\u00e9e en 1934, au sud de Rome, la province s&rsquo;\u00e9tend, principalement, le&hellip;<\/p>\n","protected":false},"author":17,"featured_media":4043,"parent":0,"menu_order":0,"comment_status":"closed","ping_status":"closed","template":"","meta":{"footnotes":""},"class_list":["post-28","page","type-page","status-publish","has-post-thumbnail","hentry"],"_links":{"self":[{"href":"https:\/\/italiejumelage.saintmedardasso.fr\/index.php?rest_route=\/wp\/v2\/pages\/28","targetHints":{"allow":["GET"]}}],"collection":[{"href":"https:\/\/italiejumelage.saintmedardasso.fr\/index.php?rest_route=\/wp\/v2\/pages"}],"about":[{"href":"https:\/\/italiejumelage.saintmedardasso.fr\/index.php?rest_route=\/wp\/v2\/types\/page"}],"author":[{"embeddable":true,"href":"https:\/\/italiejumelage.saintmedardasso.fr\/index.php?rest_route=\/wp\/v2\/users\/17"}],"replies":[{"embeddable":true,"href":"https:\/\/italiejumelage.saintmedardasso.fr\/index.php?rest_route=%2Fwp%2Fv2%2Fcomments&post=28"}],"version-history":[{"count":13,"href":"https:\/\/italiejumelage.saintmedardasso.fr\/index.php?rest_route=\/wp\/v2\/pages\/28\/revisions"}],"predecessor-version":[{"id":4054,"href":"https:\/\/italiejumelage.saintmedardasso.fr\/index.php?rest_route=\/wp\/v2\/pages\/28\/revisions\/4054"}],"wp:featuredmedia":[{"embeddable":true,"href":"https:\/\/italiejumelage.saintmedardasso.fr\/index.php?rest_route=\/wp\/v2\/media\/4043"}],"wp:attachment":[{"href":"https:\/\/italiejumelage.saintmedardasso.fr\/index.php?rest_route=%2Fwp%2Fv2%2Fmedia&parent=28"}],"curies":[{"name":"wp","href":"https:\/\/api.w.org\/{rel}","templated":true}]}}

<div class="wp-block-columns is-layout-flex wp-container-core-columns-is-layout-9d6595d7 wp-block-columns-is-layout-flex">
<div class="wp-block-column is-layout-flow wp-block-column-is-layout-flow">
<p><strong>Fondée en 1934,</strong> au sud de Rome, la province s&rsquo;étend, principalement, le long du littoral. Elle accueille les principales stations balnéaires de la région (Gaeta, Sperlonga, San Felice Circeo, Terracina…<br />Les fameux marais Pontins, où Mussolini entreprit ses travaux de bonification, s&rsquo;y trouvent.<br /></p>
</div>



<div class="wp-block-column is-layout-flow wp-block-column-is-layout-flow">
<p>La petite ville de Sabaudia avec ses monuments rectilignes et ses grands espaces aérés de pins parasols, reste encore, de nos jours, un exemple intéressant d&rsquo;architecture fasciste. Mais la renommée de cette côte remonte à des temps plus anciens : Ulysse s&rsquo;y arrêta (et c&rsquo;est là que Circée transforma ses compagnons de voyage en petits cochons).</p>
</div>
</div>



<div style="height:24px" aria-hidden="true" class="wp-block-spacer"></div>



<figure class="wp-block-image alignwide"><img loading="lazy" decoding="async" width="2228" height="1253" src="https://italiejumelage.saintmedardasso.fr/wp-content/uploads/2024/05/sabaudia-2010-012aw-edited-1.jpg" alt="sabaudia--2010-012aw" class="wp-image-4053" srcset="https://italiejumelage.saintmedardasso.fr/wp-content/uploads/2024/05/sabaudia-2010-012aw-edited-1.jpg 2228w, https://italiejumelage.saintmedardasso.fr/wp-content/uploads/2024/05/sabaudia-2010-012aw-edited-1-300x169.jpg 300w, https://italiejumelage.saintmedardasso.fr/wp-content/uploads/2024/05/sabaudia-2010-012aw-edited-1-1024x576.jpg 1024w, https://italiejumelage.saintmedardasso.fr/wp-content/uploads/2024/05/sabaudia-2010-012aw-edited-1-1536x864.jpg 1536w, https://italiejumelage.saintmedardasso.fr/wp-content/uploads/2024/05/sabaudia-2010-012aw-edited-1-2048x1152.jpg 2048w" sizes="auto, (max-width: 2228px) 100vw, 2228px" /></figure>



<div style="height:21px" aria-hidden="true" class="wp-block-spacer"></div>



<h2 class="wp-block-heading">Un parc national</h2>



<p>Aujourd&rsquo;hui le Parco Nazionale del Circeo couvre les territoires de Sabaudia, San Felice Circeo, des îles de Ponza et Zannone. <br />La préservation du patrimoine naturel est au centre des préoccupations de la province et d&rsquo;autres zones protégées y ont été fondées comme celle du Parc Régional de la Riviera d&rsquo;Ulysse en 2003&#8230;<br />Le petit archipel des îles Pontine (Ponza, Ventotène, Palmarola, Zannone, Gavi, Santo Stefano&#8230;) attire, quant à lui, les amateurs de plongée sous-marine et les passionnées de voile (il n&rsquo;était pas rare d&rsquo;y apercevoir, sur le pont de son splendide voilier, l&rsquo;élégante silhouette d&rsquo;Agnelli).<br /></p>



<div style="height:21px" aria-hidden="true" class="wp-block-spacer"></div>



<div class="wp-block-media-text is-stacked-on-mobile"><figure class="wp-block-media-text__media"><img loading="lazy" decoding="async" width="571" height="364" src="https://italiejumelage.saintmedardasso.fr/wp-content/uploads/2010/03/sabaudia-map.jpg" alt="" class="wp-image-477 size-full" srcset="https://italiejumelage.saintmedardasso.fr/wp-content/uploads/2010/03/sabaudia-map.jpg 571w, https://italiejumelage.saintmedardasso.fr/wp-content/uploads/2010/03/sabaudia-map-300x191.jpg 300w" sizes="auto, (max-width: 571px) 100vw, 571px" /></figure><div class="wp-block-media-text__content">
<p><strong>La Ville de Sababudia est située dans la province de Latina. </strong></p>
</div></div>



<div style="height:21px" aria-hidden="true" class="wp-block-spacer"></div>



<p>Est-ce à l&rsquo;origine volcanique de ces îles, à leurs hauts-fonds transparents ou à leur lourd passé que l&rsquo;on doit l&rsquo;atmosphère étrange qui s&rsquo;en dégage ? Difficile de se prononcer. En effet, dès l&rsquo;époque romaine, ces îles servirent de terre d&rsquo;exil, Giulia, fille de l&#8217;empereur Auguste accusée d&rsquo;adultère, fut la première. Ensuite, de nombreux opposants au régime fasciste y furent assignés à résidence. <strong>Le pénitencier de l&rsquo;île de Santo </strong>Stefano où Antonio Gramsci fut emprisonné, ne ferma ses portes, ou plutôt ne les ouvrit, qu&rsquo;en 1969. </p>



<p>Quelle que soit la réponse, l&rsquo;archipel, désormais si séduisant, est protégé : une réserve marine et terrestre a été créée dans les îles de Ventotène et de Santo Stefano.</p>



<p></p>

<p>Fondée en 1934, au sud de Rome, la province s&rsquo;étend, principalement, le&hellip;</p>
