{"id":81,"date":"2015-02-04T15:20:41","date_gmt":"2015-02-04T14:20:41","guid":{"rendered":"http:\/\/localhost\/wordpress\/?page_id=3"},"modified":"2026-03-30T15:08:50","modified_gmt":"2026-03-30T13:08:50","slug":"cours-ditalien","status":"publish","type":"page","link":"https:\/\/italiejumelage.saintmedardasso.fr\/?page_id=81","title":{"rendered":"Cours d&rsquo;italien"},"content":{"rendered":"\n<div style=\"height:21px\" aria-hidden=\"true\" class=\"wp-block-spacer\"><\/div>\n\n\n\n<p class=\"has-text-align-center\"><span style=\"font-size: 16px;\"><span style=\"color: #009900;\"><em><big><span style=\"font-weight: normal;\"><strong>Venez apprendre l&rsquo;italien<\/strong><\/span><\/big><\/em><\/span><\/span><\/p>\n\n\n\n<div style=\"height:25px\" aria-hidden=\"true\" class=\"wp-block-spacer\"><\/div>\n\n\n\n<p><span style=\"font-family: arial,helvetica,sans-serif;\"><span style=\"color: #333333;\"><span style=\"font-size: 12px;\"><span style=\"color: #333333;\"><big><span style=\"font-weight: normal;\">L\u2019objectif de ces cours est de faciliter les \u00e9changes entre les habitants des deux villes jumelles : Saint M\u00e9dard en Jalles et Sabaudia mais aussi de cr\u00e9er des moments de convivialit\u00e9 entre les participants.<\/span><\/big><\/span><\/span> <span style=\"font-size: 12px;\"><big><span style=\"font-weight: normal;\">Les cours&nbsp; accueillent des participants de tous \u00e2ges et n\u2019ont aucun caract\u00e8re scolaire.<\/span><\/big><\/span><\/span><\/span><\/p>\n\n\n\n<p class=\"has-text-align-center\"><span style=\"color: #009900;\"><em><big>Ils se d\u00e9roulent \u00e0 la \u00ab\u00a0Maison des Associations et de la Citoyennet\u00e9\u00a0\u00bb<\/big><\/em><\/span><br \/><span style=\"color: #009900;\"><em><big>B\u00e2timent Pierre Mendes-France (PMF) &#8211; 9 route de Saint-Aubin<br \/>33167 St M\u00e9dard en Jalles<\/big><\/em><\/span><\/p>\n\n\n\n<p><span style=\"font-size: 12px;\"><span style=\"font-family: arial,helvetica,sans-serif;\"><span style=\"color: #000000;\"><big><span style=\"color: #000000;\">Ils d\u00e9butent courant septembre et se terminent en juin, ils n&rsquo;ont pas lieu durant les vacances scolaires. <\/span><\/big><big><span style=\"color: #000000;\">Ils sont assur\u00e9s par deux enseignants. <\/span>Chaque ann\u00e9e, d\u00e9but septembre, une r\u00e9union organise les diff\u00e9rents niveaux (du niveau d\u00e9butant jusqu\u2019au niveau conversation). Chaque cours a une dur\u00e9e de 1h30. <\/big><\/span><\/span><\/span><\/p>\n\n\n\n<p class=\"has-text-align-left has-vivid-red-color has-white-background-color has-text-color has-background has-link-color has-medium-font-size wp-elements-7c3dc990bafe90fa922cda95068ee08d\"><span style=\"font-size: 14px;\"><span style=\"font-family: verdana,geneva,sans-serif;\"><span style=\"color: #ff0000;\"><strong>Les inscriptions pour la saison 2025\/2026 auront lieu le Mardi 9 septembre 2025 de 17 h 30 \u00e0 19 h 30 au Centre Pierre Mendes France &#8211; Salle de la Maison des Associations &#8211; 9 route de Saint-Aubin &#8211; Saint-M\u00e9dard en Jalles<\/strong><\/span><\/span><big><strong><span style=\"font-family: verdana,geneva,sans-serif;\"><span style=\"color: #ff0000;\"><br \/><\/span><\/span><\/strong><\/big><\/span><strong> <\/strong><\/p>\n\n\n\n<p>N&rsquo;h\u00e9sitez pas \u00e0 nous envoyer un mail pour obtenir plus de renseignements \u00e0 l&rsquo;adresse suivante :<\/p>\n\n\n\n<p>jumelage.sabaudia@gmail.com<\/p>\n\n\n\n<p>T\u00e9l\u00e9phone : 06 75 92 44 47<\/p>\n\n\n\n<p><\/p>\n\n\n\n<div style=\"height:21px\" aria-hidden=\"true\" class=\"wp-block-spacer\"><\/div>\n\n\n\n<p><strong>Calendrier des cours 2025\/2026 <\/strong><\/p>\n\n\n\n<div class=\"wp-block-buttons is-layout-flex wp-block-buttons-is-layout-flex\">\n<div class=\"wp-block-button has-custom-width wp-block-button__width-25 is-style-outline is-style-outline--1\"><a class=\"wp-block-button__link has-vivid-red-color has-text-color wp-element-button\" href=\"https:\/\/italiejumelage.saintmedardasso.fr\/wp-content\/uploads\/2026\/02\/Calendrier-cours-ditalien-2025_2026.pdf\" style=\"border-radius:50px\"><strong>Clic ici<\/strong><\/a><\/div>\n<\/div>\n\n\n\n<p><\/p>\n","protected":false},"excerpt":{"rendered":"<p>Venez apprendre l&rsquo;italien L\u2019objectif de ces cours est de faciliter les \u00e9changes&hellip;<\/p>\n","protected":false},"author":17,"featured_media":4136,"parent":0,"menu_order":0,"comment_status":"closed","ping_status":"closed","template":"","meta":{"footnotes":""},"class_list":["post-81","page","type-page","status-publish","has-post-thumbnail","hentry"],"_links":{"self":[{"href":"https:\/\/italiejumelage.saintmedardasso.fr\/index.php?rest_route=\/wp\/v2\/pages\/81","targetHints":{"allow":["GET"]}}],"collection":[{"href":"https:\/\/italiejumelage.saintmedardasso.fr\/index.php?rest_route=\/wp\/v2\/pages"}],"about":[{"href":"https:\/\/italiejumelage.saintmedardasso.fr\/index.php?rest_route=\/wp\/v2\/types\/page"}],"author":[{"embeddable":true,"href":"https:\/\/italiejumelage.saintmedardasso.fr\/index.php?rest_route=\/wp\/v2\/users\/17"}],"replies":[{"embeddable":true,"href":"https:\/\/italiejumelage.saintmedardasso.fr\/index.php?rest_route=%2Fwp%2Fv2%2Fcomments&post=81"}],"version-history":[{"count":85,"href":"https:\/\/italiejumelage.saintmedardasso.fr\/index.php?rest_route=\/wp\/v2\/pages\/81\/revisions"}],"predecessor-version":[{"id":4762,"href":"https:\/\/italiejumelage.saintmedardasso.fr\/index.php?rest_route=\/wp\/v2\/pages\/81\/revisions\/4762"}],"wp:featuredmedia":[{"embeddable":true,"href":"https:\/\/italiejumelage.saintmedardasso.fr\/index.php?rest_route=\/wp\/v2\/media\/4136"}],"wp:attachment":[{"href":"https:\/\/italiejumelage.saintmedardasso.fr\/index.php?rest_route=%2Fwp%2Fv2%2Fmedia&parent=81"}],"curies":[{"name":"wp","href":"https:\/\/api.w.org\/{rel}","templated":true}]}}

<div style="height:21px" aria-hidden="true" class="wp-block-spacer"></div>



<p class="has-text-align-center"><span style="font-size: 16px;"><span style="color: #009900;"><em><big><span style="font-weight: normal;"><strong>Venez apprendre l&rsquo;italien</strong></span></big></em></span></span></p>



<div style="height:25px" aria-hidden="true" class="wp-block-spacer"></div>



<p><span style="font-family: arial,helvetica,sans-serif;"><span style="color: #333333;"><span style="font-size: 12px;"><span style="color: #333333;"><big><span style="font-weight: normal;">L’objectif de ces cours est de faciliter les échanges entre les habitants des deux villes jumelles : Saint Médard en Jalles et Sabaudia mais aussi de créer des moments de convivialité entre les participants.</span></big></span></span> <span style="font-size: 12px;"><big><span style="font-weight: normal;">Les cours&nbsp; accueillent des participants de tous âges et n’ont aucun caractère scolaire.</span></big></span></span></span></p>



<p class="has-text-align-center"><span style="color: #009900;"><em><big>Ils se déroulent à la « Maison des Associations et de la Citoyenneté »</big></em></span><br /><span style="color: #009900;"><em><big>Bâtiment Pierre Mendes-France (PMF) &#8211; 9 route de Saint-Aubin<br />33167 St Médard en Jalles</big></em></span></p>



<p><span style="font-size: 12px;"><span style="font-family: arial,helvetica,sans-serif;"><span style="color: #000000;"><big><span style="color: #000000;">Ils débutent courant septembre et se terminent en juin, ils n&rsquo;ont pas lieu durant les vacances scolaires. </span></big><big><span style="color: #000000;">Ils sont assurés par deux enseignants. </span>Chaque année, début septembre, une réunion organise les différents niveaux (du niveau débutant jusqu’au niveau conversation). Chaque cours a une durée de 1h30. </big></span></span></span></p>



<p class="has-text-align-left has-vivid-red-color has-white-background-color has-text-color has-background has-link-color has-medium-font-size wp-elements-7c3dc990bafe90fa922cda95068ee08d"><span style="font-size: 14px;"><span style="font-family: verdana,geneva,sans-serif;"><span style="color: #ff0000;"><strong>Les inscriptions pour la saison 2025/2026 auront lieu le Mardi 9 septembre 2025 de 17 h 30 à 19 h 30 au Centre Pierre Mendes France &#8211; Salle de la Maison des Associations &#8211; 9 route de Saint-Aubin &#8211; Saint-Médard en Jalles</strong></span></span><big><strong><span style="font-family: verdana,geneva,sans-serif;"><span style="color: #ff0000;"><br /></span></span></strong></big></span><strong> </strong></p>



<p>N&rsquo;hésitez pas à nous envoyer un mail pour obtenir plus de renseignements à l&rsquo;adresse suivante :</p>



<p>jumelage.sabaudia@gmail.com</p>



<p>Téléphone : 06 75 92 44 47</p>



<p></p>



<div style="height:21px" aria-hidden="true" class="wp-block-spacer"></div>



<p><strong>Calendrier des cours 2025/2026 </strong></p>



<div class="wp-block-buttons is-layout-flex wp-block-buttons-is-layout-flex">
<div class="wp-block-button has-custom-width wp-block-button__width-25 is-style-outline is-style-outline--1"><a class="wp-block-button__link has-vivid-red-color has-text-color wp-element-button" href="https://italiejumelage.saintmedardasso.fr/wp-content/uploads/2026/02/Calendrier-cours-ditalien-2025_2026.pdf" style="border-radius:50px"><strong>Clic ici</strong></a></div>
</div>



<p></p>

<p>Venez apprendre l&rsquo;italien L’objectif de ces cours est de faciliter les échanges&hellip;</p>
