{"id":83,"date":"2009-10-10T20:00:44","date_gmt":"2009-10-10T18:00:44","guid":{"rendered":"http:\/\/localhost\/wordpress\/?page_id=20"},"modified":"2026-03-22T15:20:33","modified_gmt":"2026-03-22T14:20:33","slug":"histoire-de-lart","status":"publish","type":"page","link":"https:\/\/italiejumelage.saintmedardasso.fr\/?page_id=83","title":{"rendered":"Cours d&rsquo;histoire de l&rsquo;art"},"content":{"rendered":"<p><span style=\"font-size: 12px;\"><span style=\"font-family: arial,helvetica,sans-serif;\"><em>Mis en place en 2006, cet atelier est\u00a0 anim\u00e9\u00a0 par Monsieur Philippe Lavigne, docteur en histoire de l&rsquo;art et enseignant. Notre approche de l\u2019histoire de l&rsquo;art ne se cantonne pas uniquement \u00e0 visionner les tableaux ou sculptures de ma\u00eetres, elle comporte aussi l\u2019\u00e9tude\u00a0 des techniques, de l\u2019iconographie, permettant de mieux appr\u00e9hender les \u0153uvres, et de d\u00e9couvrir les influences de la litt\u00e9rature, de la politique ou du commerce dans leur cr\u00e9ation.<\/em><\/span><\/span><\/p>\n<p style=\"text-align: center;\"><span style=\"color: #008000;\"><em><big>Les cours ont lieu hors vacances scolaires <\/big><\/em><\/span><\/p>\n<p style=\"text-align: center;\"><span style=\"color: #008000;\"><em><big>le lundi de 14h15 \u00e0 15h45 <\/big><\/em><\/span><\/p>\n<p style=\"text-align: center;\"><span style=\"color: #008000;\"><em><big>o<\/big><\/em><\/span><span style=\"color: #008000;\"><em><big>u 16h15 \u00e0 17h45 <\/big><\/em><\/span><\/p>\n<p style=\"text-align: center;\"><span style=\"color: #008000;\"><em><big>ou 18h15 \u00e0 19h45 <\/big><\/em><\/span><\/p>\n<p style=\"text-align: center;\"><span style=\"color: #008000;\"><em><big>et<\/big><\/em><\/span><span style=\"color: #008000;\"><em><big> le mercredi de 16h15 \u00e0 17h45<br \/>\u00ab\u00a0Salon du Club House\u00a0\u00bb &#8211; rue Charles Capsec\u00a0<br \/><\/big><\/em><\/span><span style=\"color: #008000;\"><em><big>33160 Saint M\u00e9dard en Jalles<\/big><\/em><\/span><\/p>\n<p>Le bulletin d&rsquo;adh\u00e9sion est t\u00e9l\u00e9chargeable <a href=\"https:\/\/italiejumelage.saintmedardasso.fr\/wp-content\/uploads\/2023\/03\/Bulletin-dadhesion-section-Italie.pdf\">ici<\/a>.<\/p>\n<p><span style=\"color: #008000;\"><big>Tarif : 160\u20ac pour l&rsquo;ann\u00e9e (2025-2026). Il convient d&rsquo;y ajouter un ch\u00e8que pour le <span style=\"color: #008000;\">co\u00fbt<\/span> de l&rsquo;adh\u00e9sion obligatoire \u00e0 la section Italie du comit\u00e9 de jumelage : co\u00fbt 20 \u20ac (cotisation familiale, un seul ch\u00e8que pour un couple).<\/big><\/span><\/p>\n<p><span style=\"color: #008000;\"><big>Les inscriptions auront lieu le lundi 8 septembre 2025 de 17 h 30 \u00e0 19 h 30 \u00e0 la Maison des Associations Pierre Mend\u00e8s-France &#8211; 9 route de Saint-Aubin \u00e0 St M\u00e9dard en Jalles.<b style=\"color: #008000;\"><br \/><\/b><\/big><\/span><big><\/big><big><\/big><\/p>\n<p><strong>N&rsquo;h\u00e9sitez pas \u00e0 nous envoyer un mail pour obtenir plus de renseignements \u00e0 l&rsquo;adresse suivante :<\/strong><\/p>\n<p><strong>jumelage.sabaudia@gmail.com<\/strong><\/p>\n<p><strong>T\u00e9l : 06 85 06 58 62<\/strong><\/p>\n<p style=\"text-align: center;\">&#8212;&#8212;&#8212;&#8212;&#8212;&#8212;&#8212;&#8212;&#8212;&#8212;&#8212;&#8212;&#8212;&#8212;&#8212;&#8212;&#8212;&#8212;&#8212;&#8212;&#8212;&#8212;&#8212;&#8212;&#8212;&#8212;&#8212;&#8212;&#8212;&#8212;&#8212;&#8212;<\/p>\n<p><a href=\"https:\/\/italiejumelage.saintmedardasso.fr\/wp-content\/uploads\/2025\/07\/Programme-Histoire-de-lArt-2025-2026.pdf\"><strong>PROGRAMME 2025-2026 :\u00a0<\/strong><\/a><\/p>\n\n\n<p><\/p>\n\n\n\n<p><\/p>\n\n\n\n<p><\/p>\n","protected":false},"excerpt":{"rendered":"<p>Mis en place en 2006, cet atelier est\u00a0 anim\u00e9\u00a0 par Monsieur Philippe&hellip;<\/p>\n","protected":false},"author":17,"featured_media":4137,"parent":0,"menu_order":0,"comment_status":"closed","ping_status":"closed","template":"","meta":{"footnotes":""},"class_list":["post-83","page","type-page","status-publish","has-post-thumbnail","hentry"],"_links":{"self":[{"href":"https:\/\/italiejumelage.saintmedardasso.fr\/index.php?rest_route=\/wp\/v2\/pages\/83","targetHints":{"allow":["GET"]}}],"collection":[{"href":"https:\/\/italiejumelage.saintmedardasso.fr\/index.php?rest_route=\/wp\/v2\/pages"}],"about":[{"href":"https:\/\/italiejumelage.saintmedardasso.fr\/index.php?rest_route=\/wp\/v2\/types\/page"}],"author":[{"embeddable":true,"href":"https:\/\/italiejumelage.saintmedardasso.fr\/index.php?rest_route=\/wp\/v2\/users\/17"}],"replies":[{"embeddable":true,"href":"https:\/\/italiejumelage.saintmedardasso.fr\/index.php?rest_route=%2Fwp%2Fv2%2Fcomments&post=83"}],"version-history":[{"count":86,"href":"https:\/\/italiejumelage.saintmedardasso.fr\/index.php?rest_route=\/wp\/v2\/pages\/83\/revisions"}],"predecessor-version":[{"id":4692,"href":"https:\/\/italiejumelage.saintmedardasso.fr\/index.php?rest_route=\/wp\/v2\/pages\/83\/revisions\/4692"}],"wp:featuredmedia":[{"embeddable":true,"href":"https:\/\/italiejumelage.saintmedardasso.fr\/index.php?rest_route=\/wp\/v2\/media\/4137"}],"wp:attachment":[{"href":"https:\/\/italiejumelage.saintmedardasso.fr\/index.php?rest_route=%2Fwp%2Fv2%2Fmedia&parent=83"}],"curies":[{"name":"wp","href":"https:\/\/api.w.org\/{rel}","templated":true}]}}

<p><span style="font-size: 12px;"><span style="font-family: arial,helvetica,sans-serif;"><em>Mis en place en 2006, cet atelier est  animé  par Monsieur Philippe Lavigne, docteur en histoire de l&rsquo;art et enseignant. Notre approche de l’histoire de l&rsquo;art ne se cantonne pas uniquement à visionner les tableaux ou sculptures de maîtres, elle comporte aussi l’étude  des techniques, de l’iconographie, permettant de mieux appréhender les œuvres, et de découvrir les influences de la littérature, de la politique ou du commerce dans leur création.</em></span></span></p>
<p style="text-align: center;"><span style="color: #008000;"><em><big>Les cours ont lieu hors vacances scolaires </big></em></span></p>
<p style="text-align: center;"><span style="color: #008000;"><em><big>le lundi de 14h15 à 15h45 </big></em></span></p>
<p style="text-align: center;"><span style="color: #008000;"><em><big>o</big></em></span><span style="color: #008000;"><em><big>u 16h15 à 17h45 </big></em></span></p>
<p style="text-align: center;"><span style="color: #008000;"><em><big>ou 18h15 à 19h45 </big></em></span></p>
<p style="text-align: center;"><span style="color: #008000;"><em><big>et</big></em></span><span style="color: #008000;"><em><big> le mercredi de 16h15 à 17h45<br />« Salon du Club House » &#8211; rue Charles Capsec <br /></big></em></span><span style="color: #008000;"><em><big>33160 Saint Médard en Jalles</big></em></span></p>
<p>Le bulletin d&rsquo;adhésion est téléchargeable <a href="https://italiejumelage.saintmedardasso.fr/wp-content/uploads/2023/03/Bulletin-dadhesion-section-Italie.pdf">ici</a>.</p>
<p><span style="color: #008000;"><big>Tarif : 160€ pour l&rsquo;année (2025-2026). Il convient d&rsquo;y ajouter un chèque pour le <span style="color: #008000;">coût</span> de l&rsquo;adhésion obligatoire à la section Italie du comité de jumelage : coût 20 € (cotisation familiale, un seul chèque pour un couple).</big></span></p>
<p><span style="color: #008000;"><big>Les inscriptions auront lieu le lundi 8 septembre 2025 de 17 h 30 à 19 h 30 à la Maison des Associations Pierre Mendès-France &#8211; 9 route de Saint-Aubin à St Médard en Jalles.<b style="color: #008000;"><br /></b></big></span><big></big><big></big></p>
<p><strong>N&rsquo;hésitez pas à nous envoyer un mail pour obtenir plus de renseignements à l&rsquo;adresse suivante :</strong></p>
<p><strong>jumelage.sabaudia@gmail.com</strong></p>
<p><strong>Tél : 06 85 06 58 62</strong></p>
<p style="text-align: center;">&#8212;&#8212;&#8212;&#8212;&#8212;&#8212;&#8212;&#8212;&#8212;&#8212;&#8212;&#8212;&#8212;&#8212;&#8212;&#8212;&#8212;&#8212;&#8212;&#8212;&#8212;&#8212;&#8212;&#8212;&#8212;&#8212;&#8212;&#8212;&#8212;&#8212;&#8212;&#8212;</p>
<p><a href="https://italiejumelage.saintmedardasso.fr/wp-content/uploads/2025/07/Programme-Histoire-de-lArt-2025-2026.pdf"><strong>PROGRAMME 2025-2026 : </strong></a></p>


<p></p>



<p></p>



<p></p>

<p>Mis en place en 2006, cet atelier est  animé  par Monsieur Philippe&hellip;</p>
